ppose 25*u - 21*u + 476 = 0. Let z be (u/(-14) + 2)/(6/16). What is the greatest common divisor of z and 84?
28
Suppose 0 = -n - 4*n + 1120. Let m = 1060 + -1032. Calculate the greatest common divisor of m and n.
28
Let i(j) = -j**3 + 20*j**2 - 35*j - 182. Let d be i(14). Calculate the greatest common factor of 54 and d.
18
Suppose -9 = -0*q - 9*q. Suppose 0 = 3*g - 0*g - 3*j - 18, 3*j + 28 = 5*g. Calculate the highest common factor of q and g.
1
Let m = 57 + -47. Let o be (-8 + (-305)/(-25))/(3/m). Calculate the greatest common factor of 4 and o.
2
Let w(i) = -i**2 - 8*i - 15. Let g be w(-6). Let o be 111/((2/(-3))/(16/g)). Let q = -536 + o. What is the highest common factor of q and 32?
32
Suppose 11*x - 9 = -d + 12*x, x = 3*d - 19. Suppose -5*n - 15*s + 17*s = -19, -5*n = 2*s - 31. Calculate the greatest common divisor of n and d.
5
Suppose 755 = 4*z - t, 5*z + 19*t - 947 = 17*t. Suppose -288 = -191*x + z*x. Let i = -15 - -24. What is the greatest common divisor of i and x?
9
Suppose 2*t = -3*s + 60, 2*s + 2*t - 96 = -3*s. Suppose -3*w + 179 = -121. Suppose -w + s = -o. Calculate the greatest common divisor of o and 41.
41
Let z(t) = 3*t - 27. Suppose -2*p = -6*p - 12, -4*h - 3*p + 55 = 0. Let b be z(h). Let y = 14 + -7. What is the greatest common divisor of y and b?
7
Suppose -12*q - 88 = -14*q. Suppose 0 = -27*b + 31*b - q. Let s = 130 - 86. Calculate the highest common divisor of s and b.
11
Let y(h) = 0*h**2 + 2*h - 8 - 7*h**2 - 2*h**3 + 3*h**3. Let c be y(7). Let w = 84069 + -84054. What is the highest common divisor of w and c?
3
Let b(v) = -3*v**2 - 24*v + 27. Let l be b(-4). Suppose -9*t - 1050 = -15*t. Calculate the greatest common factor of t and l.
25
Let r = -4924 - -5207. What is the greatest common divisor of 2 and r?
1
Suppose -5*q = 4*l - 2036, -111 + 611 = l - q. Suppose 0 = 28*c - 26*c - l. Calculate the greatest common factor of c and 28.
28
Suppose 3*j - 5*b - 517 = -1367, -2*j + 4*b = 564. Let t = 314 + j. What is the highest common factor of 60 and t?
12
Suppose 54*w + 442 = 55*w. Let q = 445 - w. What is the highest common divisor of 24 and q?
3
Suppose -5*b - 4*v = 101, 66 = -2*b - b + 3*v. Let p be (20 + b)*((1 - 2) + 1). Suppose p = 3*o + 4*o - 119. What is the highest common factor of o and 34?
17
Let w be (-5 + 1)*(-3 + -2). Suppose 0 = 4*h - 198 - 42. Calculate the greatest common divisor of w and h.
20
Suppose -3*b - 15 - 18 = 0. Let y = -1 - b. Let q = -13 + 23. What is the highest common divisor of y and q?
10
Suppose 34 = 5*u - 61. Let y = -173 + 177. Suppose 3*a + 55 = g - 30, -y*g = 5*a - 289. What is the greatest common factor of u and g?
19
Let v = 893 + -886. Let t be -2*(6/4 - (-1 + 3)). Calculate the greatest common factor of t and v.
1
Let s be 2*((-18)/45 + (-316)/(-40))*107. Calculate the greatest common divisor of 15 and s.
15
Let p(h) = -6*h - 35. Let d be p(-7). Suppose d*v = 7 + 7. Let o be 8/(-6) + (-548)/(-6) - v. What is the highest common divisor of o and 11?
11
Let w be 2*2/8*-2 - -121. Let z = w - 10. Suppose -21*o - z = -23*o. What is the highest common factor of o and 275?
55
Let k = -1102 - -2578. What is the greatest common divisor of k and 72?
36
Let r(g) = 9*g**2 + 31*g + 47. Let a be r(-2). Calculate the highest common divisor of a and 392.
7
Let s be 354/5 - ((-99)/45 - -1). Calculate the highest common divisor of s and 256.
8
Suppose 6 = -2*p, 5032*m + 5*p = 5034*m - 1797. Calculate the highest common factor of 132 and m.
33
Let f = 3437 + -3381. Calculate the highest common factor of 5656 and f.
56
Let y(a) = -a**3 - 16*a**2 + 19*a + 1. Suppose -38*g + 35*g = 51. Let s be y(g). Let h be (18/(-4))/(s/88). Calculate the greatest common divisor of 30 and h.
6
Let k = 8035 + -7860. Let r(w) = -10*w + 1. Let t(j) = 39*j - 5. Let b(n) = 9*r(n) + 2*t(n). Let o be b(-3). Calculate the highest common divisor of o and k.
35
Suppose -148 = 2*m - 498. Let v = -605 + 805. Calculate the highest common divisor of v and m.
25
Suppose -l + 5302 = 2*k, 2*l = 4383*k - 4381*k - 5308. Calculate the highest common factor of 306 and k.
102
Let v be 0*(-7 + 3 - -3)*-1. Suppose d - 49 - 6 = v. Suppose 4*n = d + 5. Calculate the greatest common divisor of 45 and n.
15
Let x = 38 + 84. Let p = x - 97. Calculate the greatest common factor of 10 and p.
5
Let h be ((-1)/(3/(-5)))/(24/72). Suppose h*j - 5*f - 50 = 0, f - 83 + 109 = 3*j. Calculate the highest common divisor of j and 36.
4
Let d(m) = m**2 - 4*m + 11. Let h be d(-5). Suppose -4 = 2*b, -3*b + 173 = 4*i - 37. Let v = h - i. Calculate the greatest common divisor of 2 and v.
2
Suppose 0 = -10*h + 96 + 1074. Let v = h + 26. Calculate the greatest common divisor of 33 and v.
11
Let h be 6 + (-1295)/(-210)*(0 + 12). Calculate the highest common factor of h and 110.
10
Let g(p) = -p**2 + 9*p + 10. Let t be g(7). Suppose 132*v = b + 134*v - 15, 0 = 5*b - 4*v + 9. Calculate the highest common divisor of b and t.
3
Suppose 2*f = 5*m + 296, 104 = -2124*f + 2125*f + 3*m. What is the greatest common divisor of f and 7152?
16
Suppose 5*p = -3*y + 6414, 23*p - 3*y - 2553 = 21*p. What is the highest common factor of p and 21?
21
Suppose -2*u + 324 = 2*u - 3*v, -4*v = 3*u - 268. Let z be (-6)/(-9) + (-1225)/(-21) + 1. What is the greatest common factor of z and u?
12
Let w = 5633 + -4606. Calculate the highest common factor of w and 52.
13
Suppose 25*b + 2250 = 40*b. Let m = 5 - 2. Suppose 5*v - 120 = m*v. What is the highest common factor of b and v?
30
Suppose d - 10 + 11 = 0. Let s be (40/50)/(((-3)/d)/60). Let r = 39 + -31. Calculate the highest common factor of s and r.
8
Let z = 3525 - 1670. Calculate the highest common factor of z and 35.
35
Let f be (9890/(-25))/(2/(-3)*(-24)/(-80)). What is the highest common divisor of 46 and f?
46
Suppose -25*p + 21*p + 628 = 0. Let i = p + -141. Calculate the greatest common divisor of 32 and i.
16
Let i(v) = -v + 35. Suppose -7 + 267 = 10*k. Let z be i(k). What is the greatest common factor of z and 45?
9
Suppose -d - 2*g + 23 = 0, 0 = -d + 5*g + 1 + 50. Let s = 59 - -65. What is the greatest common factor of d and s?
31
Suppose -2*i = 3*z + 2251 - 14788, -z - 2*i = -4179. What is the highest common divisor of 21 and z?
21
Let i be (0 - -940) + (-19 + 9 - -9). Let h = i + -928. Let z(k) = k**2 + k - 1. Let r be z(-4). Calculate the highest common divisor of r and h.
11
Suppose -5*i + x = -5883, -79*i - 5876 = -84*i + 2*x. What is the highest common divisor of 558 and i?
62
Suppose -64*c = -55*c - 27. Suppose 3*z - 10 = -2*j, -3*z + 0*z + 12 = 3*j. Let k be z/c*-1 + (-272)/(-3). What is the greatest common divisor of k and 6?
6
Suppose f - 67 + 40 = 0. Suppose f*y + 1635 = 7305. Calculate the highest common divisor of y and 126.
42
Let k be 244/8 - 6/4. Let z(m) = -17*m + 4 + 16*m**2 - 15 - m**3 - 14. Let p be z(13). Calculate the greatest common factor of k and p.
29
Let o(w) be the second derivative of -5*w**3/6 + 105*w**2/2 + 34*w + 2. Let f be o(17). What is the highest common factor of 170 and f?
10
Let n = -226 + -22. Let g = n + 293. What is the greatest common factor of 195 and g?
15
Suppose -2*i - 2*n = -6*i + 2150, 2*i + 5*n - 1105 = 0. Calculate the highest common divisor of 972 and i.
108
Suppose -22*c = -3*c - 1254. Suppose 16*k - 5*k = c. Let w be (-1 + 2)*3 - -1. What is the greatest common factor of k and w?
2
Let u(g) be the third derivative of 3*g**4/8 + 5*g**3/3 - 23*g**2 - 2. Let l be u(0). Calculate the highest common factor of 190 and l.
10
Suppose 87*u + 8*u = 28120. Let n(a) = 5*a**2 + 5*a + 10. Let t be n(8). What is the greatest common divisor of t and u?
74
Suppose -3094*t = -3098*t + 88. Let r(l) = -3*l + 4. Let h be r(5). Let g be 0 - 1*h*6. What is the highest common divisor of g and t?
22
Let m be (-3)/2*(-460)/(-69). Let o(x) = -3*x + 29. Let k be o(m). Suppose -6*r + 7 = -k. Calculate the highest common divisor of 132 and r.
11
Let y = -7741 - -14069. What is the highest common divisor of 56 and y?
56
Suppose 3*v = -3*z + 876, 0 = 4*v - 2*z + 5*z - 1164. Calculate the highest common divisor of v and 64.
32
Let r be 129 + -13 + -2 + 1. Let q be -8*1/(-28) + (-6)/21. Suppose q = 72*s - 67*s - 115. Calculate the highest common factor of r and s.
23
Let q = -654 - -1190. Let g = -526